digit of b(2)?
2
Let y(u) = -u + 9. Let n be y(0). Suppose 4*c = n*c - 95. What is the tens digit of c?
1
Let t = 2 - 2. Suppose -4*b + 4*c = 8*c - 32, 4*b - c - 37 = t. Suppose -4*x - 1 = -b. What is the units digit of x?
2
What is the units digit of -48*(7/(-4) - -1)?
6
Let x be (-4 + 7)*(-8)/(-6). Let f be x/14 - (-66)/14. Suppose 5*v + j = -0*j + 7, -f = 2*v + 3*j. What is the units digit of v?
2
Let t = 20 + 4. What is the tens digit of t?
2
Suppose 3*l = -2*l + 95. What is the units digit of l?
9
Let y(f) = 8*f**2 + 2*f - 3. Let p be y(-3). Suppose l = -2*l + p. What is the tens digit of l?
2
Let p(m) be the third derivative of -m**6/60 - m**5/20 - m**4/8 - m**3/3 + 2*m**2. Suppose 3*c + 21 = -5*v, 3*c - 3 = 4*v - v. What is the units digit of p(c)?
8
Let s(h) = -h**3 + 4*h + 3. Let v = 28 - 40. Let t be (v/(-9))/(2/(-3)). What is the units digit of s(t)?
3
Let n(g) = g - 2. Let t be 9 + -1 + -1 + -3. Let v be n(t). What is the units digit of 1/(v*1/26)?
3
Let g(t) = -t**3 - 9*t**2 + 10*t + 1. Let m be g(-10). What is the units digit of (m + -1 - 1) + 19?
8
Let c be -2*3/6 - -5. Suppose -z = -6*z - c*r + 30, z + 4*r - 6 = 0. What is the units digit of 16/z + 4/12?
3
Let y(s) be the third derivative of -s**5/60 - s**4/3 + 5*s**3/6 + s**2. Let c(g) = g - 4. Let j be c(-4). What is the units digit of y(j)?
5
Let r be ((-18)/4)/((-12)/(-32)). Let a = -7 + r. Let o = -13 - a. What is the units digit of o?
6
Suppose 18 = -l - 0. Let t = -5 - l. What is the units digit of t?
3
Let y = -126 - -247. What is the units digit of y?
1
Let k(o) = o**3 - 3*o**2 - 3*o - 1. Let n be k(3). Let v be (2 - (-21)/(-6))*n. What is the units digit of (-3)/(-2)*50/v?
5
Suppose -a + 30 = k, -3*k = 2*a + 2*k - 45. What is the tens digit of a?
3
Suppose 0 = -4*n + a + 28, 5*n + a - 38 = 3*a. Suppose -n*s = -2*s - 32. What is the units digit of s?
8
What is the units digit of (-57)/(-4)*144/54?
8
Suppose -5*d - 207 = -3*i, 345 = 5*i - 0*d - 5*d. What is the tens digit of i?
6
Let q = 41 + -45. Let n be ((-3)/(-2))/((-6)/(-1552)). What is the tens digit of q/(-18) + n/36?
1
Suppose -2*b = 9*b - 792. What is the tens digit of b?
7
Let w(r) be the first derivative of -r**4/4 - 5*r**3/3 - r**2 - 4*r + 7. What is the tens digit of w(-6)?
4
Let u(z) = -z**2 - 9*z - 10. Let m be u(-9). Let i = m + 17. What is the units digit of i?
7
What is the units digit of 4 + 26 + -5 + 3?
8
Let u = 1 + 2. Let c(b) = -b + 9. Let d be c(-7). Suppose d = -u*j + 5*j. What is the units digit of j?
8
What is the units digit of (14/(-4))/((-2)/4)?
7
Let w = 2 + 1. Let c be -2*(w/(-2) - 0). What is the units digit of 2/c*60/8?
5
Let g = 34 + -21. What is the tens digit of g?
1
Suppose 2*p + 4 = 3*p. Suppose -4*b - p + 40 = 0. What is the units digit of b?
9
Suppose 41 = 2*j - 29. What is the tens digit of j?
3
Let t = 0 - 2. What is the units digit of (18 + t)/4*1?
4
Let t be ((-2)/5)/(1/10). Let d(b) = -5*b - 3. What is the units digit of d(t)?
7
Suppose 4*k = -m + 117, m + 5 = 6*m. What is the units digit of k?
9
Let s = -446 + 642. What is the units digit of s?
6
Suppose -2*f - c = 39, -c + 0*c = -4*f - 63. Let n = f + 24. What is the units digit of n?
7
Let u = 61 + -6. Suppose -15 = 2*r + 3*c - 46, -5*r = 3*c - u. Suppose -4*v - 5*a + 30 - r = 0, -5 = -v - a. What is the units digit of v?
3
Let c be (6/(-4))/(3/(-4)). Let n(o) = o**2 + 2*o - 3. Let q be n(c). Suppose 3*h - q = -2. What is the units digit of h?
1
Suppose 8*x - 2*x = 1122. What is the units digit of x?
7
Let l = -215 - -308. What is the tens digit of l?
9
Let s = -9 + 13. Suppose s + 2 = 2*v. Suppose -v*u + 8 = u. What is the units digit of u?
2
Let d(r) = -r**3 - 5*r**2 - 4*r. Let s be d(-4). What is the units digit of (-9 + s)/3 - -14?
1
What is the units digit of ((-528)/(-36))/((-4)/(-6))?
2
Let q(c) = -2*c. Let g be q(0). Suppose 2*r - 20 = -r + 4*n, 0 = 5*r - 4*n - 28. Suppose g*y - 5*f = -y + 29, 3*y + r*f + 8 = 0. What is the units digit of y?
4
Suppose -5*q + 45 = 5*p, 2*q = 3*q - p + 1. Suppose -q*t + 24 = -0*t. What is the units digit of t?
6
What is the tens digit of (-77)/(-3) - 3/((-54)/6)?
2
Suppose -60 = -3*t + 24. Let c = t + -14. What is the tens digit of c?
1
What is the hundreds digit of -2 + (4/(-8) - (-1521)/6)?
2
Let w(v) = 18*v - 7. What is the tens digit of w(4)?
6
Suppose -j = y - 31, -3*j = -3*y - 8*j + 101. What is the units digit of y?
7
What is the units digit of -2*21/(-12)*2?
7
Suppose -4*l + 3*l = -3. Suppose l*w + 34 = 5*w. What is the tens digit of w?
1
Let m be 7/(-2)*28/(-49). Suppose 0 = -m*g - 2*a + 4, 0 = g - 5*g + 2*a + 2. What is the units digit of g?
1
Let i(p) = p**2 - 2*p - 5. Let b be ((-4)/2)/(14/(-35)). Suppose -b*d = -o - 23, 0 = 2*d + 2*o - 3 + 1. What is the units digit of i(d)?
3
Let h be 4/6*(1 + -4). Let p(a) = a + 4. What is the units digit of p(h)?
2
Suppose -2*z + 4*c = -314, -3*c + 595 = 4*z - 0*z. Suppose -n - 2*n + 5*k + z = 0, 4*k - 4 = 0. What is the tens digit of n?
5
Let h = 23 + -25. Let t = 15 - h. What is the units digit of t?
7
What is the units digit of (4/(-12))/(3/(-9))?
1
Let k(u) = u**2 - 3*u - 1. Suppose 11 = -4*c + 35. What is the units digit of k(c)?
7
Suppose 4*f = -0*f - 8. Let l be 0*f/(-4)*1. What is the units digit of 2/1 + l/2?
2
Suppose -14 = 2*w + i, -2*w + i = -w + 10. What is the units digit of w/28 + (-88)/(-14)?
6
Suppose -5*q + 3 + 22 = 0. Suppose -q*d - 5*o + 215 = 0, 0 = 4*d - o - 133 - 19. Suppose 5*c - d = 21. What is the units digit of c?
2
Suppose 0 = -2*v - 3*v - 30. Let u(j) = j**3 + 5*j**2 - 8*j - 6. Let w be u(v). What is the units digit of (4/w)/(3/18)?
4
Let w be 13 + (-3 - -6)/(-3). Let h(f) = -f**3 + 5*f**2 + 7*f - 9. Let g be h(6). Let c = w + g. What is the units digit of c?
9
Suppose x + 366 = 4*x. What is the units digit of x?
2
Suppose -2*h = -4*h + 24. Suppose -f + 3 = 3*b, 3*b + 3*f - h = -f. What is the units digit of 3*(8/3 + b)?
8
Let d(j) = 2*j**2 - 7*j + 2. What is the units digit of d(5)?
7
Let z be 16 - (2 - (-1 + 2)). Suppose -4 = -g, 7*v = 3*v - g - 40. Let k = z + v. What is the units digit of k?
4
Let w(p) = 0 + 1 + 5 - p. Let g be w(5). What is the units digit of (-82)/(-8) - g/4?
0
Suppose 5*p + 2*z - 27 = 0, 4*p + 5*z = 7 + 18. Suppose -p*n = -n - 44. What is the units digit of n?
1
Suppose -2*u - 15 = 3*u. Let h = -3 - u. Suppose -5 = -w + o, 5*w - o - 3 - 14 = h. What is the units digit of w?
3
What is the units digit of (-82)/(-8) + 3/(-12)?
0
Suppose 0*w - 72 = 5*w - 3*b, -2*w - 4*b - 34 = 0. Let h be (-13)/(-3) + 5/w. Suppose -h*u = -u - 30. What is the units digit of u?
0
Let k(l) = -l**3 - l**2 + 14*l + 2. What is the units digit of k(-6)?
8
Let p be -2*1/9 - (-50)/(-18). Let c be (1*-2)/(6/15). Let d = p - c. What is the units digit of d?
2
Let m be -9 + (-3)/(1/(-1)). Let h be (3/m)/((-3)/18). Suppose -2*w - h*w = -40. What is the units digit of w?
8
Let p = -15 + 29. Suppose -5*a - z + 102 = z, 3*a - 4*z - 82 = 0. Suppose p = 3*h - a. What is the units digit of h?
2
Suppose 0 = -2*j + 4*r + 176, 0 = 2*j - 3*j - 3*r + 113. What is the units digit of j?
8
Let x = -9 - -12. Suppose x*y = 4*y - 26. What is the units digit of y?
6
Suppose -3*a + 2*a - 4*b + 10 = 0, 3*a - 4*b - 14 = 0. Let n = a + 2. What is the units digit of n?
8
Let t(a) = a**2 - 4*a - 2. Suppose -6*w + 25 = -w. Let r be t(w). What is the tens digit of ((-26)/(-6) - 1)*r?
1
Suppose -4*a + 5*a - 116 = 0. What is the tens digit of a?
1
Suppose c = 5 + 27. Let a = c + -19. What is the units digit of a?
3
Let s(c) = 2*c**3 - 3*c**2 - c + 2. Let l be s(2). Let f(a) = -7*a + 4 + l - 4 + 2*a**2. What is the units digit of f(4)?
8
Let o(f) = -f**3 + 7*f**2 - 3*f + 6. What is the tens digit of o(6)?
2
Let a(q) = 6*q - 2. Suppose -2*h + 2 = o - 10, 5*h - 21 = 2*o. What is the tens digit of a(h)?
2
Suppose 6*i - 2*g = 3*i - 6, -i - 2 = 2*g. Let j be 44/10 - i/(-5). Suppose -j*a + 0 = -8. What is the units digit of a?
2
What is the units digit of (4 + -3)*(0 - -5)?
5
Let p(y) be the first derivative of -y**2 - 9*y - 2. Let w be p(-7). Suppose -37 = -4*i + w*g, -3 = i + 4*g - 7. What is the units digit of i?
8
Let d(i) = i**2 - 5*i - 13. What is the tens digit of d(-7)?
7
Let p(c) = 2*c**2 + c. Suppose -3*h - 22 = -5*i, 0*i = -2*i + 5*h